{"id":35840,"date":"2018-12-07T11:12:47","date_gmt":"2018-12-07T14:12:47","guid":{"rendered":"https:\/\/www.campogrande.ms.gov.br\/cgnoticias\/?page_id=35840"},"modified":"2018-12-07T11:14:55","modified_gmt":"2018-12-07T14:14:55","slug":"moradores-do-residencial-anapolis-comemoram-chegada-do-asfalto-apos-25-anos-de-espera","status":"publish","type":"page","link":"https:\/\/www.campogrande.ms.gov.br\/cgnoticias\/moradores-do-residencial-anapolis-comemoram-chegada-do-asfalto-apos-25-anos-de-espera\/","title":{"rendered":"Moradores do Residencial An\u00e1polis comemoram chegada do asfalto, ap\u00f3s 25 anos de espera"},"content":{"rendered":"<p>Ap\u00f3s 25 anos de espera, o asfalto come\u00e7ou a chegar ao\u00a0\u00a0Residencial Anapolis, um conjunto habitacional de 247 casas, localizado na regi\u00e3o urbana do Anhandui, \u201cespremido\u201d entre o Jardim Moren\u00e3o, Botafogo e Rosel\u00e2ndia.<\/p>\n<p>A empreiteira \u00a0respons\u00e1vel aproveitaram o per\u00edodo de estiagem e come\u00e7aram nesta semana a\u00a0\u00a0aplicar \u00a0a massa asf\u00e1ltica nos trechos das ruas Mirai, a partir do cruzamento com a Rivalcir Albet, e no prolongamento da Rua Rodrigo Moura, que dentro do conjunto, se transforma numa avenida de duas pistas.\u00a0\u00a0A obra integra um projeto para complementar a pavimenta\u00e7\u00e3o das linhas de \u00f4nibus do Jardim Botafogo\/Moren\u00e3o.<\/p>\n<p>A dona de casa Marta de Levy Rosa parou por alguns momentos seus afazeres dom\u00e9sticos para acompanhar a aplica\u00e7\u00e3o do asfalto ap\u00f3s 15 dias de prepara\u00e7\u00e3o da base (interrompida) pelos per\u00edodos de chuva.<\/p>\n<p>\u201cRecebi em 1993, da CDHU (antiga empresa estadual de habita\u00e7\u00e3o), as chaves\u00a0 da minha casa. Mudei na semana seguinte e desde ent\u00e3o, foram 25 anos sofrendo com poeira e barro, assistindo todos os bairros da regi\u00e3o sendo asfaltados. H\u00e1 oito anos, quando foi feito o asfalto na Vila Pioneira e na Rivalcir Albert (linha de \u00f4nibus, a menos de 100 metros de casa), achei que passaria aqui, mas, infelizmente, n\u00e3o aconteceu o que a gente esperava\u201d, contou.<img fetchpriority=\"high\" decoding=\"async\" class=\"alignleft size-medium wp-image-35842\" src=\"https:\/\/prefcg-repositorio.campogrande.ms.gov.br\/wp-cdn\/uploads\/sites\/3\/2018\/12\/IMG_5147-Copy-300x200.jpg\" alt=\"IMG_5147 (Copy)\" width=\"300\" height=\"200\" srcset=\"https:\/\/cdn.campogrande.ms.gov.br\/portal\/prod\/uploads\/sites\/3\/2018\/12\/IMG_5147-Copy-300x200.jpg 300w, https:\/\/cdn.campogrande.ms.gov.br\/portal\/prod\/uploads\/sites\/3\/2018\/12\/IMG_5147-Copy-1024x682.jpg 1024w, https:\/\/cdn.campogrande.ms.gov.br\/portal\/prod\/uploads\/sites\/3\/2018\/12\/IMG_5147-Copy.jpg 2000w\" sizes=\"(max-width: 300px) 100vw, 300px\" \/><\/p>\n<p>Quem tamb\u00e9m est\u00e1 muita feliz com a chegada do asfalto \u00e9 Suzana Carvalho, que mudou em 2017 no bairro e menos de um ano depois vai ficar livre da poeira, do barro e j\u00e1 v\u00ea seu im\u00f3vel se valorizar. \u201cAcho que a Prefeitura estava esperando eu mudar pra c\u00e1\u201d, afirma, em tom de brincadeira.<\/p>\n<p>A chegada dos trabalhadores, equipamentos e caminh\u00f5es carregados de massa asf\u00e1ltica atraiu a aten\u00e7\u00e3o dos moradores, muitos descrentes de que um dia a obra seria feita. \u201cPosso dizer que com o in\u00edcio do asfalto em frente de casa, ganhei o ano. O presente de Natal chegou antecipado\u201d, comemora o aposentado Enoque Soares, 66 anos, \u00a0que h\u00e1 20 anos mora \u00a0na Rua Iraque.<\/p>\n<p>O mesmo entusiasmo \u00e9 compartilhado por uma das suas vizinhas, \u00a0dona S\u00f4nia Pellegrini. \u201cPara dizer a verdade, j\u00e1 nem acreditava que este asfalto seria feito um dia. H\u00e1 alguns anos colocaram esgoto, tubula\u00e7\u00e3o e o servi\u00e7o por a\u00ed\u201d, declarou.<\/p>\n<p>Para o comerciante Marcio Ara\u00fajo, dono de uma mercearia na esquina das ruas Iraque com Goiatuba (j\u00e1 pavimentada), a chegada do asfalto representa melhor qualidade de vida e valoriza\u00e7\u00e3o dos im\u00f3veis. J\u00e1 Celso da Silva Ferreira, que mora na Rua Mirai, pontua que a obra representa o fim de 15 anos de conviv\u00eancia com a poeira e o barro.<\/p>\n<p><strong>O projeto<\/strong><\/p>\n<p>O projeto de pavimenta\u00e7\u00e3o do Jardim An\u00e1polis chegou \u00a0a ser iniciado \u00a0em 2012, \u00a0mas o servi\u00e7o foi interrompido no ano seguinte. A \u00a0primeira empreiteira rescindiu o contrato e \u00a0a gest\u00e3o passada n\u00e3o providenciou uma nova licita\u00e7\u00e3o.<img decoding=\"async\" class=\"alignleft size-medium wp-image-35843\" src=\"https:\/\/prefcg-repositorio.campogrande.ms.gov.br\/wp-cdn\/uploads\/sites\/3\/2018\/12\/IMG_5152-Copy-300x200.jpg\" alt=\"IMG_5152 (Copy)\" width=\"300\" height=\"200\" srcset=\"https:\/\/cdn.campogrande.ms.gov.br\/portal\/prod\/uploads\/sites\/3\/2018\/12\/IMG_5152-Copy-300x200.jpg 300w, https:\/\/cdn.campogrande.ms.gov.br\/portal\/prod\/uploads\/sites\/3\/2018\/12\/IMG_5152-Copy-1024x682.jpg 1024w, https:\/\/cdn.campogrande.ms.gov.br\/portal\/prod\/uploads\/sites\/3\/2018\/12\/IMG_5152-Copy.jpg 2000w\" sizes=\"(max-width: 300px) 100vw, 300px\" \/><\/p>\n<p>O \u00a0prefeito Marquinhos Trad teve que fazer gest\u00f5es junto ao Minist\u00e9rio das Cidades para renovar o conv\u00eanio que venceria no \u00faltimo m\u00eas de abril. Sem esta provid\u00eancia a Prefeitura perderia os recursos, em torno de R$ 1,3 milh\u00e3o, alocada em 2011 no or\u00e7amento da Uni\u00e3o, por uma emenda parlamentar do deputado Luiz Henrique Mandetta.<\/p>\n<p>Est\u00e3o sendo \u00a0investidos R$ 1.332.560,82 na execu\u00e7\u00e3o de 746 metros de drenagem e 2,2 quil\u00f4metros de asfalto. O projeto prev\u00ea a pavimenta\u00e7\u00e3o das ruas\u00a0Para\u00fana (entre Centro Oeste e\u00a0Rivaldir\u00a0Alberti); 13 de Novembro (entre Centro Oeste e Goiatuba);\u00a0Canabras\u00a0(entre Centro Oeste e\u00a0Rivaldir\u00a0Alberti); Mirai (entre Centro Oeste e Goiatuba); Mirai (entre\u00a0Rivaldir\u00a0Alberti e Divino Fonseca); Rodrigo Moura (entre\u00a0Rivaldir\u00a0Alberti\u00a0e Fim de Rua); Iraque (entre Centro Oeste e\u00a0Kilda\u00a0Monteiro);\u00a0Pompeu\u00a0Ferreira (entre Centro Oeste e\u00a0Rivaldir\u00a0Alberti);\u00a0Junes\u00a0Salaminy;\u00a0Kilda\u00a0Monteiro; Francisco dos Anjos (entre Assar\u00e9 e Rodrigo Moura) e Divino Fonseca (entre Assar\u00e9 e Rodrigo Moura).<\/p>\n<p>&nbsp;<\/p>\n","protected":false},"excerpt":{"rendered":"<p>Ap\u00f3s 25 anos de espera, o asfalto come\u00e7ou a chegar ao\u00a0\u00a0Residencial Anapolis, um conjunto habitacional de 247 casas, localizado na regi\u00e3o urbana do Anhandui, \u201cespremido\u201d entre o Jardim Moren\u00e3o, Botafogo e Rosel\u00e2ndia. A empreiteira \u00a0respons\u00e1vel aproveitaram o per\u00edodo de estiagem e come\u00e7aram nesta semana a\u00a0\u00a0aplicar \u00a0a massa asf\u00e1ltica nos trechos das ruas Mirai, a partir [&hellip;]<\/p>\n","protected":false},"author":16,"featured_media":35841,"parent":0,"menu_order":0,"comment_status":"open","ping_status":"open","template":"","meta":{"custom_icon_class":"","footnotes":""},"class_list":["post-35840","page","type-page","status-publish","has-post-thumbnail","hentry"],"acf":[],"_links":{"self":[{"href":"https:\/\/www.campogrande.ms.gov.br\/cgnoticias\/wp-json\/wp\/v2\/pages\/35840"}],"collection":[{"href":"https:\/\/www.campogrande.ms.gov.br\/cgnoticias\/wp-json\/wp\/v2\/pages"}],"about":[{"href":"https:\/\/www.campogrande.ms.gov.br\/cgnoticias\/wp-json\/wp\/v2\/types\/page"}],"author":[{"embeddable":true,"href":"https:\/\/www.campogrande.ms.gov.br\/cgnoticias\/wp-json\/wp\/v2\/users\/16"}],"replies":[{"embeddable":true,"href":"https:\/\/www.campogrande.ms.gov.br\/cgnoticias\/wp-json\/wp\/v2\/comments?post=35840"}],"version-history":[{"count":0,"href":"https:\/\/www.campogrande.ms.gov.br\/cgnoticias\/wp-json\/wp\/v2\/pages\/35840\/revisions"}],"wp:featuredmedia":[{"embeddable":true,"href":"https:\/\/www.campogrande.ms.gov.br\/cgnoticias\/wp-json\/wp\/v2\/media\/35841"}],"wp:attachment":[{"href":"https:\/\/www.campogrande.ms.gov.br\/cgnoticias\/wp-json\/wp\/v2\/media?parent=35840"}],"curies":[{"name":"wp","href":"https:\/\/api.w.org\/{rel}","templated":true}]}}

Moradores do Residencial Anápolis comemoram chegada do asfalto, após 25 anos de espera

<p>Após 25 anos de espera, o asfalto começou a chegar ao  Residencial Anapolis, um conjunto habitacional de 247 casas, localizado na região urbana do Anhandui, “espremido” entre o Jardim Morenão, Botafogo e Roselândia.</p>
<p>A empreiteira  responsável aproveitaram o período de estiagem e começaram nesta semana a  aplicar  a massa asfáltica nos trechos das ruas Mirai, a partir do cruzamento com a Rivalcir Albet, e no prolongamento da Rua Rodrigo Moura, que dentro do conjunto, se transforma numa avenida de duas pistas.  A obra integra um projeto para complementar a pavimentação das linhas de ônibus do Jardim Botafogo/Morenão.</p>
<p>A dona de casa Marta de Levy Rosa parou por alguns momentos seus afazeres domésticos para acompanhar a aplicação do asfalto após 15 dias de preparação da base (interrompida) pelos períodos de chuva.</p>
<p>“Recebi em 1993, da CDHU (antiga empresa estadual de habitação), as chaves  da minha casa. Mudei na semana seguinte e desde então, foram 25 anos sofrendo com poeira e barro, assistindo todos os bairros da região sendo asfaltados. Há oito anos, quando foi feito o asfalto na Vila Pioneira e na Rivalcir Albert (linha de ônibus, a menos de 100 metros de casa), achei que passaria aqui, mas, infelizmente, não aconteceu o que a gente esperava”, contou.<img fetchpriority="high" decoding="async" class="alignleft size-medium wp-image-35842" src="https://prefcg-repositorio.campogrande.ms.gov.br/wp-cdn/uploads/sites/3/2018/12/IMG_5147-Copy-300x200.jpg" alt="IMG_5147 (Copy)" width="300" height="200" srcset="https://cdn.campogrande.ms.gov.br/portal/prod/uploads/sites/3/2018/12/IMG_5147-Copy-300x200.jpg 300w, https://cdn.campogrande.ms.gov.br/portal/prod/uploads/sites/3/2018/12/IMG_5147-Copy-1024x682.jpg 1024w, https://cdn.campogrande.ms.gov.br/portal/prod/uploads/sites/3/2018/12/IMG_5147-Copy.jpg 2000w" sizes="(max-width: 300px) 100vw, 300px" /></p>
<p>Quem também está muita feliz com a chegada do asfalto é Suzana Carvalho, que mudou em 2017 no bairro e menos de um ano depois vai ficar livre da poeira, do barro e já vê seu imóvel se valorizar. “Acho que a Prefeitura estava esperando eu mudar pra cá”, afirma, em tom de brincadeira.</p>
<p>A chegada dos trabalhadores, equipamentos e caminhões carregados de massa asfáltica atraiu a atenção dos moradores, muitos descrentes de que um dia a obra seria feita. “Posso dizer que com o início do asfalto em frente de casa, ganhei o ano. O presente de Natal chegou antecipado”, comemora o aposentado Enoque Soares, 66 anos,  que há 20 anos mora  na Rua Iraque.</p>
<p>O mesmo entusiasmo é compartilhado por uma das suas vizinhas,  dona Sônia Pellegrini. “Para dizer a verdade, já nem acreditava que este asfalto seria feito um dia. Há alguns anos colocaram esgoto, tubulação e o serviço por aí”, declarou.</p>
<p>Para o comerciante Marcio Araújo, dono de uma mercearia na esquina das ruas Iraque com Goiatuba (já pavimentada), a chegada do asfalto representa melhor qualidade de vida e valorização dos imóveis. Já Celso da Silva Ferreira, que mora na Rua Mirai, pontua que a obra representa o fim de 15 anos de convivência com a poeira e o barro.</p>
<p><strong>O projeto</strong></p>
<p>O projeto de pavimentação do Jardim Anápolis chegou  a ser iniciado  em 2012,  mas o serviço foi interrompido no ano seguinte. A  primeira empreiteira rescindiu o contrato e  a gestão passada não providenciou uma nova licitação.<img decoding="async" class="alignleft size-medium wp-image-35843" src="https://prefcg-repositorio.campogrande.ms.gov.br/wp-cdn/uploads/sites/3/2018/12/IMG_5152-Copy-300x200.jpg" alt="IMG_5152 (Copy)" width="300" height="200" srcset="https://cdn.campogrande.ms.gov.br/portal/prod/uploads/sites/3/2018/12/IMG_5152-Copy-300x200.jpg 300w, https://cdn.campogrande.ms.gov.br/portal/prod/uploads/sites/3/2018/12/IMG_5152-Copy-1024x682.jpg 1024w, https://cdn.campogrande.ms.gov.br/portal/prod/uploads/sites/3/2018/12/IMG_5152-Copy.jpg 2000w" sizes="(max-width: 300px) 100vw, 300px" /></p>
<p>O  prefeito Marquinhos Trad teve que fazer gestões junto ao Ministério das Cidades para renovar o convênio que venceria no último mês de abril. Sem esta providência a Prefeitura perderia os recursos, em torno de R$ 1,3 milhão, alocada em 2011 no orçamento da União, por uma emenda parlamentar do deputado Luiz Henrique Mandetta.</p>
<p>Estão sendo  investidos R$ 1.332.560,82 na execução de 746 metros de drenagem e 2,2 quilômetros de asfalto. O projeto prevê a pavimentação das ruas Paraúna (entre Centro Oeste e Rivaldir Alberti); 13 de Novembro (entre Centro Oeste e Goiatuba); Canabras (entre Centro Oeste e Rivaldir Alberti); Mirai (entre Centro Oeste e Goiatuba); Mirai (entre Rivaldir Alberti e Divino Fonseca); Rodrigo Moura (entre Rivaldir Alberti e Fim de Rua); Iraque (entre Centro Oeste e Kilda Monteiro); Pompeu Ferreira (entre Centro Oeste e Rivaldir Alberti); Junes Salaminy; Kilda Monteiro; Francisco dos Anjos (entre Assaré e Rodrigo Moura) e Divino Fonseca (entre Assaré e Rodrigo Moura).</p>
<p>&nbsp;</p>

<p>Após 25 anos de espera, o asfalto começou a chegar ao  Residencial Anapolis, um conjunto habitacional de 247 casas, localizado na região urbana do Anhandui, “espremido” entre o Jardim Morenão, Botafogo e Roselândia. A empreiteira  responsável aproveitaram o período de estiagem e começaram nesta semana a  aplicar  a massa asfáltica nos trechos das ruas Mirai, a partir [&hellip;]</p>
