{"id":34604,"date":"2018-11-12T09:48:32","date_gmt":"2018-11-12T12:48:32","guid":{"rendered":"https:\/\/www.campogrande.ms.gov.br\/cgnoticias\/?page_id=34604"},"modified":"2018-11-12T09:48:32","modified_gmt":"2018-11-12T12:48:32","slug":"ultimos-dias-para-inscricao-no-instituto-mirim-de-campo-grande","status":"publish","type":"page","link":"https:\/\/www.campogrande.ms.gov.br\/cgnoticias\/ultimos-dias-para-inscricao-no-instituto-mirim-de-campo-grande\/","title":{"rendered":"\u00daltimos dias para inscri\u00e7\u00e3o no Instituto Mirim de Campo Grande"},"content":{"rendered":"<p>Os interessados em fazer parte do Instituto Mirim de Campo Grande t\u00eam at\u00e9 o dia 15 de novembro para fazer a inscri\u00e7\u00e3o on-line para o programa programa semestral de qualifica\u00e7\u00e3o socioprofissional para o ano de 2019.<\/p>\n<p>Para se inscrever, o candidato dever\u00e1 preencher os principais requisitos:<\/p>\n<p>\u2013 Estar no Cadastro \u00danico de Programas Sociais, com dados atualizados;<\/p>\n<p>\u2013 Apresentar o comprovante do Numero de Inscri\u00e7\u00e3o Social \u2013 NIS do respons\u00e1vel legal, do adolescente e demais componentes familiares;<\/p>\n<p>\u2013 Adolescente ter nascido entre 01\/01\/2003 at\u00e9 31\/12\/2004;<\/p>\n<p>\u2013 Estar matriculado e frequentando no m\u00ednimo o ensino fundamental;<\/p>\n<p>\u2013 Participar das entrevistas sociais;<\/p>\n<p>\u2013 Apresentar todos os comprovantes e documentos solicitados no requerimento da inscri\u00e7\u00e3o<\/p>\n<p>O ingresso na institui\u00e7\u00e3o para o ano de 2019 se dar\u00e1 em tr\u00eas (03) etapas: requerimento on-line para inscri\u00e7\u00e3o no Programa, entrevistas sociais e\u00a0 resultado dos classificados. \u00c9 importante estar atento aos prazos e \u00e0s instru\u00e7\u00f5es no ato da inscri\u00e7\u00e3o e demais etapas de qualifica\u00e7\u00e3o dos usu\u00e1rios.<\/p>\n<p>O Instituto Mirim tem a capacidade m\u00e9dia anual de atendimento de at\u00e9 mil usu\u00e1rios, divididos por semestre e por cursos nos programas de qualifica\u00e7\u00e3o e aprendizagem, oportunizando o desenvolvimento pessoal, perspectivas de uma vida produtiva e diferenciais competitivos para a busca da empregabilidade e gera\u00e7\u00e3o de renda.<\/p>\n<p>Para realizar os atendimentos dos seus usu\u00e1rios, o Instituto Mirim conta com uma equipe de apoio administrativo e t\u00e9cnico, formada por profissionais de diversas \u00e1reas: assistentes sociais, psic\u00f3logos, pedagogos, instrutores, volunt\u00e1rios, entre outros.<\/p>\n<p>Os usu\u00e1rios contam com uma estrutura equipada e preparada especialmente para garantir bem-estar e conforto: salas de atendimento socioassistencial, salas para realiza\u00e7\u00e3o das oficinas de qualifica\u00e7\u00e3o social e profissional, salas de Inform\u00e1tica, sala multim\u00eddia, audit\u00f3rio, gin\u00e1sio poliesportivo, biblioteca e Espa\u00e7o de Leitura, cozinha, padaria e refeit\u00f3rio.<\/p>\n<p>Comprovante<\/p>\n<p>Ao acessar o link de inscri\u00e7\u00e3o e ao final do cadastro, o sistema vai emitir um comprovante de agendamento de entrevista social constando senha, data, hor\u00e1rio e documentos necess\u00e1rios \u2013 que devem ser levados na entrevista que o respons\u00e1vel legal e o adolescente participar\u00e3o.<\/p>\n<p>O cronograma de ingresso 2019 \u00e9:<\/p>\n<p>\u2013 Requerimento on-line para inscri\u00e7\u00e3o \u2013 1\u00ba\/11\/18 a 15\/11\/18<br \/>\n\u2013 Entrevistas Sociais \u2013 7\/11\/18 a 18\/12\/18<br \/>\n\u2013 Resultado Final \u2013 4\/02\/19<\/p>\n<p>As inscri\u00e7\u00f5es devem ser feitas pelo endere\u00e7o www.institutomirim.org.br.<\/p>\n<p>Sobre o Instituto Mirim de Campo Grande \u2013 IMCG<\/p>\n<p>\u00c9 uma institui\u00e7\u00e3o sem fins lucrativos com 36 anos de experi\u00eancia, que atua e desenvolve suas atividades pautadas pelas Pol\u00edticas Nacionais de Assist\u00eancia Social e de Prote\u00e7\u00e3o aos Direitos da Crian\u00e7a e do Adolescente.<\/p>\n<p>O Instituto Mirim realiza um conjunto integrado de a\u00e7\u00f5es sociais, que viabilizam a constru\u00e7\u00e3o de estrat\u00e9gias coletivas\u00a0 voltadas para a viv\u00eancia, a moral, o respeito e a humaniza\u00e7\u00e3o das rela\u00e7\u00f5es, no processo de forma\u00e7\u00e3o dos adolescentes.<\/p>\n<p>Servi\u00e7o:<br \/>\n<strong>Requerimento on-line para inscri\u00e7\u00e3o para ingresso 2019<\/strong><br \/>\nPer\u00edodo: de 1\u00ba a 15 de novembro de 2018<br \/>\nHor\u00e1rio: das 7h \u00e0s 11h e das 13h \u00e0s 16h \u2013 Segunda a Sexta<br \/>\nEndere\u00e7o: Avenida F\u00e1bio Zahran, n\u00ba 520 \u2013 Centro<br \/>\nInforma\u00e7\u00f5es: (67) 4042-0496\u00a0 Ramal 1378<\/p>\n<p>&nbsp;<\/p>\n","protected":false},"excerpt":{"rendered":"<p>Os interessados em fazer parte do Instituto Mirim de Campo Grande t\u00eam at\u00e9 o dia 15 de novembro para fazer a inscri\u00e7\u00e3o on-line para o programa programa semestral de qualifica\u00e7\u00e3o socioprofissional para o ano de 2019. Para se inscrever, o candidato dever\u00e1 preencher os principais requisitos: \u2013 Estar no Cadastro \u00danico de Programas Sociais, com [&hellip;]<\/p>\n","protected":false},"author":16,"featured_media":34317,"parent":0,"menu_order":0,"comment_status":"open","ping_status":"open","template":"","meta":{"custom_icon_class":"","footnotes":""},"class_list":["post-34604","page","type-page","status-publish","has-post-thumbnail","hentry"],"acf":[],"_links":{"self":[{"href":"https:\/\/www.campogrande.ms.gov.br\/cgnoticias\/wp-json\/wp\/v2\/pages\/34604"}],"collection":[{"href":"https:\/\/www.campogrande.ms.gov.br\/cgnoticias\/wp-json\/wp\/v2\/pages"}],"about":[{"href":"https:\/\/www.campogrande.ms.gov.br\/cgnoticias\/wp-json\/wp\/v2\/types\/page"}],"author":[{"embeddable":true,"href":"https:\/\/www.campogrande.ms.gov.br\/cgnoticias\/wp-json\/wp\/v2\/users\/16"}],"replies":[{"embeddable":true,"href":"https:\/\/www.campogrande.ms.gov.br\/cgnoticias\/wp-json\/wp\/v2\/comments?post=34604"}],"version-history":[{"count":0,"href":"https:\/\/www.campogrande.ms.gov.br\/cgnoticias\/wp-json\/wp\/v2\/pages\/34604\/revisions"}],"wp:featuredmedia":[{"embeddable":true,"href":"https:\/\/www.campogrande.ms.gov.br\/cgnoticias\/wp-json\/wp\/v2\/media\/34317"}],"wp:attachment":[{"href":"https:\/\/www.campogrande.ms.gov.br\/cgnoticias\/wp-json\/wp\/v2\/media?parent=34604"}],"curies":[{"name":"wp","href":"https:\/\/api.w.org\/{rel}","templated":true}]}}

Últimos dias para inscrição no Instituto Mirim de Campo Grande

<p>Os interessados em fazer parte do Instituto Mirim de Campo Grande têm até o dia 15 de novembro para fazer a inscrição on-line para o programa programa semestral de qualificação socioprofissional para o ano de 2019.</p>
<p>Para se inscrever, o candidato deverá preencher os principais requisitos:</p>
<p>– Estar no Cadastro Único de Programas Sociais, com dados atualizados;</p>
<p>– Apresentar o comprovante do Numero de Inscrição Social – NIS do responsável legal, do adolescente e demais componentes familiares;</p>
<p>– Adolescente ter nascido entre 01/01/2003 até 31/12/2004;</p>
<p>– Estar matriculado e frequentando no mínimo o ensino fundamental;</p>
<p>– Participar das entrevistas sociais;</p>
<p>– Apresentar todos os comprovantes e documentos solicitados no requerimento da inscrição</p>
<p>O ingresso na instituição para o ano de 2019 se dará em três (03) etapas: requerimento on-line para inscrição no Programa, entrevistas sociais e  resultado dos classificados. É importante estar atento aos prazos e às instruções no ato da inscrição e demais etapas de qualificação dos usuários.</p>
<p>O Instituto Mirim tem a capacidade média anual de atendimento de até mil usuários, divididos por semestre e por cursos nos programas de qualificação e aprendizagem, oportunizando o desenvolvimento pessoal, perspectivas de uma vida produtiva e diferenciais competitivos para a busca da empregabilidade e geração de renda.</p>
<p>Para realizar os atendimentos dos seus usuários, o Instituto Mirim conta com uma equipe de apoio administrativo e técnico, formada por profissionais de diversas áreas: assistentes sociais, psicólogos, pedagogos, instrutores, voluntários, entre outros.</p>
<p>Os usuários contam com uma estrutura equipada e preparada especialmente para garantir bem-estar e conforto: salas de atendimento socioassistencial, salas para realização das oficinas de qualificação social e profissional, salas de Informática, sala multimídia, auditório, ginásio poliesportivo, biblioteca e Espaço de Leitura, cozinha, padaria e refeitório.</p>
<p>Comprovante</p>
<p>Ao acessar o link de inscrição e ao final do cadastro, o sistema vai emitir um comprovante de agendamento de entrevista social constando senha, data, horário e documentos necessários – que devem ser levados na entrevista que o responsável legal e o adolescente participarão.</p>
<p>O cronograma de ingresso 2019 é:</p>
<p>– Requerimento on-line para inscrição – 1º/11/18 a 15/11/18<br />
– Entrevistas Sociais – 7/11/18 a 18/12/18<br />
– Resultado Final – 4/02/19</p>
<p>As inscrições devem ser feitas pelo endereço www.institutomirim.org.br.</p>
<p>Sobre o Instituto Mirim de Campo Grande – IMCG</p>
<p>É uma instituição sem fins lucrativos com 36 anos de experiência, que atua e desenvolve suas atividades pautadas pelas Políticas Nacionais de Assistência Social e de Proteção aos Direitos da Criança e do Adolescente.</p>
<p>O Instituto Mirim realiza um conjunto integrado de ações sociais, que viabilizam a construção de estratégias coletivas  voltadas para a vivência, a moral, o respeito e a humanização das relações, no processo de formação dos adolescentes.</p>
<p>Serviço:<br />
<strong>Requerimento on-line para inscrição para ingresso 2019</strong><br />
Período: de 1º a 15 de novembro de 2018<br />
Horário: das 7h às 11h e das 13h às 16h – Segunda a Sexta<br />
Endereço: Avenida Fábio Zahran, nº 520 – Centro<br />
Informações: (67) 4042-0496  Ramal 1378</p>
<p>&nbsp;</p>

<p>Os interessados em fazer parte do Instituto Mirim de Campo Grande têm até o dia 15 de novembro para fazer a inscrição on-line para o programa programa semestral de qualificação socioprofissional para o ano de 2019. Para se inscrever, o candidato deverá preencher os principais requisitos: – Estar no Cadastro Único de Programas Sociais, com [&hellip;]</p>
