{"id":32234,"date":"2018-08-29T06:00:31","date_gmt":"2018-08-29T10:00:31","guid":{"rendered":"https:\/\/www.campogrande.ms.gov.br\/cgnoticias\/?page_id=32234"},"modified":"2018-08-28T17:41:23","modified_gmt":"2018-08-28T21:41:23","slug":"programacao-de-eventos-do-aniversario-de-campo-grande-nesta-quarta-feira-29","status":"publish","type":"page","link":"https:\/\/www.campogrande.ms.gov.br\/cgnoticias\/programacao-de-eventos-do-aniversario-de-campo-grande-nesta-quarta-feira-29\/","title":{"rendered":"Programa\u00e7\u00e3o de eventos do anivers\u00e1rio de Campo Grande nesta quarta-feira (29)"},"content":{"rendered":"<p><strong>Programa\u00e7\u00e3o de eventos do anivers\u00e1rio de Campo Grande nesta quarta-feira (29)<\/strong><\/p>\n<p>&nbsp;<\/p>\n<p><strong>8h \u00e0s 11h30<\/strong><\/p>\n<p>&nbsp;<\/p>\n<p><strong>Evento: <\/strong>I Encontro de Previd\u00eancia de Campo Grande<\/p>\n<p><strong>Local:<\/strong> Audit\u00f3rio do CREA<\/p>\n<p>Rua Sebasti\u00e3o Taveira, 272 \u2013 Monte Castelo<\/p>\n<p>\u2014\u2014\u2014\u2014\u2014\u2014\u2014\u2014\u2014\u2014\u2014\u2014\u2014\u2014\u2014\u2014\u2014\u2014\u2014\u2014\u2014\u2014\u2014\u2014\u2014\u2014\u2014\u2014\u2013<\/p>\n<p><strong>9 horas<\/strong><\/p>\n<p><strong>Evento:<\/strong> Inaugura\u00e7\u00e3o da Primeira Cl\u00ednica da Fam\u00edlia<\/p>\n<p><strong>Local: <\/strong>UBSF Nova Lima &#8211; Rua Pe. Ant\u00f4nio Franco, 550 &#8211; Bairro Nova Lima<\/p>\n<p>\u2014\u2014\u2014\u2014\u2014\u2014\u2014\u2014\u2014\u2014\u2014\u2014\u2014\u2014\u2014\u2014\u2014\u2014\u2014\u2014\u2014\u2014\u2014\u2014\u2014\u2014\u2014\u2014\u2013<\/p>\n<p><strong>14 horas<\/strong><\/p>\n<p><strong>Evento: <\/strong>Implementa\u00e7\u00e3o do Centro-Dia de Microcefalia<\/p>\n<p><strong>Local:<\/strong> Associa\u00e7\u00e3o Renasce uma Nova Esperan\u00e7a<\/p>\n<p>Rua Madri, 300 \u2013 Vila Alba<\/p>\n<p>\u2014\u2014\u2014\u2014\u2014\u2014\u2014\u2014\u2014\u2014\u2014\u2014\u2014\u2014\u2014\u2014\u2014\u2014\u2014\u2014\u2014\u2014\u2014\u2014\u2014\u2014\u2014\u2014\u2013<\/p>\n<p><strong>16 horas<\/strong><\/p>\n<p><strong>Evento:<\/strong> Novas funcionalidades voltadas ao cidad\u00e3o \u2013 Fala Campo Grande<\/p>\n<p><strong>Local:<\/strong> Audit\u00f3rio da Casa da Ferrovia &#8211; Esplanada dos Ferrovi\u00e1rios<\/p>\n<p>Av. Mato Grosso, esquina com Av. Cal\u00f3geras<\/p>\n<p>\u2014\u2014\u2014\u2014\u2014\u2014\u2014\u2014\u2014\u2014\u2014\u2014\u2014\u2014\u2014\u2014\u2014\u2014\u2014\u2014\u2014\u2014\u2014\u2014\u2014\u2014\u2014\u2014\u2013<\/p>\n","protected":false},"excerpt":{"rendered":"<p>Programa\u00e7\u00e3o de eventos do anivers\u00e1rio de Campo Grande nesta quarta-feira (29) &nbsp; 8h \u00e0s 11h30 &nbsp; Evento: I Encontro de Previd\u00eancia de Campo Grande Local: Audit\u00f3rio do CREA Rua Sebasti\u00e3o Taveira, 272 \u2013 Monte Castelo \u2014\u2014\u2014\u2014\u2014\u2014\u2014\u2014\u2014\u2014\u2014\u2014\u2014\u2014\u2014\u2014\u2014\u2014\u2014\u2014\u2014\u2014\u2014\u2014\u2014\u2014\u2014\u2014\u2013 9 horas Evento: Inaugura\u00e7\u00e3o da Primeira Cl\u00ednica da Fam\u00edlia Local: UBSF Nova Lima &#8211; Rua Pe. Ant\u00f4nio Franco, 550 [&hellip;]<\/p>\n","protected":false},"author":16,"featured_media":0,"parent":0,"menu_order":0,"comment_status":"open","ping_status":"open","template":"","meta":{"custom_icon_class":"","footnotes":""},"class_list":["post-32234","page","type-page","status-publish","hentry"],"acf":[],"_links":{"self":[{"href":"https:\/\/www.campogrande.ms.gov.br\/cgnoticias\/wp-json\/wp\/v2\/pages\/32234"}],"collection":[{"href":"https:\/\/www.campogrande.ms.gov.br\/cgnoticias\/wp-json\/wp\/v2\/pages"}],"about":[{"href":"https:\/\/www.campogrande.ms.gov.br\/cgnoticias\/wp-json\/wp\/v2\/types\/page"}],"author":[{"embeddable":true,"href":"https:\/\/www.campogrande.ms.gov.br\/cgnoticias\/wp-json\/wp\/v2\/users\/16"}],"replies":[{"embeddable":true,"href":"https:\/\/www.campogrande.ms.gov.br\/cgnoticias\/wp-json\/wp\/v2\/comments?post=32234"}],"version-history":[{"count":0,"href":"https:\/\/www.campogrande.ms.gov.br\/cgnoticias\/wp-json\/wp\/v2\/pages\/32234\/revisions"}],"wp:attachment":[{"href":"https:\/\/www.campogrande.ms.gov.br\/cgnoticias\/wp-json\/wp\/v2\/media?parent=32234"}],"curies":[{"name":"wp","href":"https:\/\/api.w.org\/{rel}","templated":true}]}}

Programação de eventos do aniversário de Campo Grande nesta quarta-feira (29)

<p><strong>Programação de eventos do aniversário de Campo Grande nesta quarta-feira (29)</strong></p>
<p>&nbsp;</p>
<p><strong>8h às 11h30</strong></p>
<p>&nbsp;</p>
<p><strong>Evento: </strong>I Encontro de Previdência de Campo Grande</p>
<p><strong>Local:</strong> Auditório do CREA</p>
<p>Rua Sebastião Taveira, 272 – Monte Castelo</p>
<p>————————————————————————————–</p>
<p><strong>9 horas</strong></p>
<p><strong>Evento:</strong> Inauguração da Primeira Clínica da Família</p>
<p><strong>Local: </strong>UBSF Nova Lima &#8211; Rua Pe. Antônio Franco, 550 &#8211; Bairro Nova Lima</p>
<p>————————————————————————————–</p>
<p><strong>14 horas</strong></p>
<p><strong>Evento: </strong>Implementação do Centro-Dia de Microcefalia</p>
<p><strong>Local:</strong> Associação Renasce uma Nova Esperança</p>
<p>Rua Madri, 300 – Vila Alba</p>
<p>————————————————————————————–</p>
<p><strong>16 horas</strong></p>
<p><strong>Evento:</strong> Novas funcionalidades voltadas ao cidadão – Fala Campo Grande</p>
<p><strong>Local:</strong> Auditório da Casa da Ferrovia &#8211; Esplanada dos Ferroviários</p>
<p>Av. Mato Grosso, esquina com Av. Calógeras</p>
<p>————————————————————————————–</p>

<p>Programação de eventos do aniversário de Campo Grande nesta quarta-feira (29) &nbsp; 8h às 11h30 &nbsp; Evento: I Encontro de Previdência de Campo Grande Local: Auditório do CREA Rua Sebastião Taveira, 272 – Monte Castelo ————————————————————————————– 9 horas Evento: Inauguração da Primeira Clínica da Família Local: UBSF Nova Lima &#8211; Rua Pe. Antônio Franco, 550 [&hellip;]</p>
