{"id":108493,"date":"2023-10-24T14:37:01","date_gmt":"2023-10-24T18:37:01","guid":{"rendered":"https:\/\/prefcg-repositorio.campogrande.ms.gov.br\/wp-cdn\/uploads\/sites\/3\/2023\/10\/230724_INAUGURACAO-DA-PRACA-COHAFAMA_FUNESP_ANA-PAULA-FERNANDES-51-1.jpg"},"modified":"2023-10-24T14:37:01","modified_gmt":"2023-10-24T18:37:01","slug":"230724_inauguracao-da-praca-cohafama_funesp_ana-paula-fernandes-51-2","status":"inherit","type":"attachment","link":"https:\/\/www.campogrande.ms.gov.br\/cgnoticias\/noticia\/prefeitura-transforma-pracas-esportivas-dos-bairros-em-centros-de-esporte-lazer-e-integracao-familiar\/230724_inauguracao-da-praca-cohafama_funesp_ana-paula-fernandes-51-2\/","title":{"rendered":"230724_INAUGURA\u00c7\u00c3O DA PRA\u00c7A COHAFAMA_FUNESP_ANA PAULA FERNANDES (51)"},"author":363,"featured_media":0,"comment_status":"closed","ping_status":"closed","template":"","meta":{"custom_icon_class":""},"class_list":["post-108493","attachment","type-attachment","status-inherit","hentry"],"acf":[],"description":{"rendered":"<p class=\"attachment\"><a href='https:\/\/cdn.campogrande.ms.gov.br\/portal\/prod\/uploads\/sites\/3\/2023\/10\/230724_INAUGURACAO-DA-PRACA-COHAFAMA_FUNESP_ANA-PAULA-FERNANDES-51-1.jpg'><img fetchpriority=\"high\" decoding=\"async\" width=\"300\" height=\"200\" src=\"https:\/\/cdn.campogrande.ms.gov.br\/portal\/prod\/uploads\/sites\/3\/2023\/10\/230724_INAUGURACAO-DA-PRACA-COHAFAMA_FUNESP_ANA-PAULA-FERNANDES-51-1-300x200.jpg\" class=\"attachment-medium size-medium\" alt=\"\" srcset=\"https:\/\/cdn.campogrande.ms.gov.br\/portal\/prod\/uploads\/sites\/3\/2023\/10\/230724_INAUGURACAO-DA-PRACA-COHAFAMA_FUNESP_ANA-PAULA-FERNANDES-51-1-300x200.jpg 300w, https:\/\/cdn.campogrande.ms.gov.br\/portal\/prod\/uploads\/sites\/3\/2023\/10\/230724_INAUGURACAO-DA-PRACA-COHAFAMA_FUNESP_ANA-PAULA-FERNANDES-51-1-1024x683.jpg 1024w, https:\/\/cdn.campogrande.ms.gov.br\/portal\/prod\/uploads\/sites\/3\/2023\/10\/230724_INAUGURACAO-DA-PRACA-COHAFAMA_FUNESP_ANA-PAULA-FERNANDES-51-1-768x513.jpg 768w, https:\/\/cdn.campogrande.ms.gov.br\/portal\/prod\/uploads\/sites\/3\/2023\/10\/230724_INAUGURACAO-DA-PRACA-COHAFAMA_FUNESP_ANA-PAULA-FERNANDES-51-1-1536x1025.jpg 1536w, https:\/\/cdn.campogrande.ms.gov.br\/portal\/prod\/uploads\/sites\/3\/2023\/10\/230724_INAUGURACAO-DA-PRACA-COHAFAMA_FUNESP_ANA-PAULA-FERNANDES-51-1.jpg 1798w\" sizes=\"(max-width: 300px) 100vw, 300px\" \/><\/a><\/p>\n"},"caption":{"rendered":""},"alt_text":"","media_type":"image","mime_type":"image\/jpeg","media_details":{"width":1798,"height":1200,"file":"2023\/10\/230724_INAUGURACAO-DA-PRACA-COHAFAMA_FUNESP_ANA-PAULA-FERNANDES-51-1.jpg","filesize":770521,"sizes":{"medium":{"file":"230724_INAUGURACAO-DA-PRACA-COHAFAMA_FUNESP_ANA-PAULA-FERNANDES-51-1-300x200.jpg","width":300,"height":200,"filesize":31177,"mime_type":"image\/jpeg","source_url":"https:\/\/cdn.campogrande.ms.gov.br\/portal\/prod\/uploads\/sites\/3\/2023\/10\/230724_INAUGURACAO-DA-PRACA-COHAFAMA_FUNESP_ANA-PAULA-FERNANDES-51-1-300x200.jpg"},"large":{"file":"230724_INAUGURACAO-DA-PRACA-COHAFAMA_FUNESP_ANA-PAULA-FERNANDES-51-1-1024x683.jpg","width":1024,"height":683,"filesize":212492,"mime_type":"image\/jpeg","source_url":"https:\/\/cdn.campogrande.ms.gov.br\/portal\/prod\/uploads\/sites\/3\/2023\/10\/230724_INAUGURACAO-DA-PRACA-COHAFAMA_FUNESP_ANA-PAULA-FERNANDES-51-1-1024x683.jpg"},"thumbnail":{"file":"230724_INAUGURACAO-DA-PRACA-COHAFAMA_FUNESP_ANA-PAULA-FERNANDES-51-1-150x150.jpg","width":150,"height":150,"filesize":17373,"mime_type":"image\/jpeg","source_url":"https:\/\/cdn.campogrande.ms.gov.br\/portal\/prod\/uploads\/sites\/3\/2023\/10\/230724_INAUGURACAO-DA-PRACA-COHAFAMA_FUNESP_ANA-PAULA-FERNANDES-51-1-150x150.jpg"},"medium_large":{"file":"230724_INAUGURACAO-DA-PRACA-COHAFAMA_FUNESP_ANA-PAULA-FERNANDES-51-1-768x513.jpg","width":768,"height":513,"filesize":133182,"mime_type":"image\/jpeg","source_url":"https:\/\/cdn.campogrande.ms.gov.br\/portal\/prod\/uploads\/sites\/3\/2023\/10\/230724_INAUGURACAO-DA-PRACA-COHAFAMA_FUNESP_ANA-PAULA-FERNANDES-51-1-768x513.jpg"},"1536x1536":{"file":"230724_INAUGURACAO-DA-PRACA-COHAFAMA_FUNESP_ANA-PAULA-FERNANDES-51-1-1536x1025.jpg","width":1536,"height":1025,"filesize":417670,"mime_type":"image\/jpeg","source_url":"https:\/\/cdn.campogrande.ms.gov.br\/portal\/prod\/uploads\/sites\/3\/2023\/10\/230724_INAUGURACAO-DA-PRACA-COHAFAMA_FUNESP_ANA-PAULA-FERNANDES-51-1-1536x1025.jpg"},"feed-noticia-large":{"file":"230724_INAUGURACAO-DA-PRACA-COHAFAMA_FUNESP_ANA-PAULA-FERNANDES-51-1-890x500.jpg","width":890,"height":500,"filesize":145362,"mime_type":"image\/jpeg","source_url":"https:\/\/cdn.campogrande.ms.gov.br\/portal\/prod\/uploads\/sites\/3\/2023\/10\/230724_INAUGURACAO-DA-PRACA-COHAFAMA_FUNESP_ANA-PAULA-FERNANDES-51-1-890x500.jpg"},"feed-noticia":{"file":"230724_INAUGURACAO-DA-PRACA-COHAFAMA_FUNESP_ANA-PAULA-FERNANDES-51-1-356x200.jpg","width":356,"height":200,"filesize":35777,"mime_type":"image\/jpeg","source_url":"https:\/\/cdn.campogrande.ms.gov.br\/portal\/prod\/uploads\/sites\/3\/2023\/10\/230724_INAUGURACAO-DA-PRACA-COHAFAMA_FUNESP_ANA-PAULA-FERNANDES-51-1-356x200.jpg"},"listagem-galerias":{"file":"230724_INAUGURACAO-DA-PRACA-COHAFAMA_FUNESP_ANA-PAULA-FERNANDES-51-1-275x163.jpg","width":275,"height":163,"filesize":26400,"mime_type":"image\/jpeg","source_url":"https:\/\/cdn.campogrande.ms.gov.br\/portal\/prod\/uploads\/sites\/3\/2023\/10\/230724_INAUGURACAO-DA-PRACA-COHAFAMA_FUNESP_ANA-PAULA-FERNANDES-51-1-275x163.jpg"},"post-slider":{"file":"230724_INAUGURACAO-DA-PRACA-COHAFAMA_FUNESP_ANA-PAULA-FERNANDES-51-1-700x500.jpg","width":700,"height":500,"filesize":121673,"mime_type":"image\/jpeg","source_url":"https:\/\/cdn.campogrande.ms.gov.br\/portal\/prod\/uploads\/sites\/3\/2023\/10\/230724_INAUGURACAO-DA-PRACA-COHAFAMA_FUNESP_ANA-PAULA-FERNANDES-51-1-700x500.jpg"},"full":{"file":"230724_INAUGURACAO-DA-PRACA-COHAFAMA_FUNESP_ANA-PAULA-FERNANDES-51-1.jpg","width":1798,"height":1200,"mime_type":"image\/jpeg","source_url":"https:\/\/cdn.campogrande.ms.gov.br\/portal\/prod\/uploads\/sites\/3\/2023\/10\/230724_INAUGURACAO-DA-PRACA-COHAFAMA_FUNESP_ANA-PAULA-FERNANDES-51-1.jpg"}},"image_meta":{"aperture":"0","credit":"ANA","camera":"","caption":"","created_timestamp":"1690222726","copyright":"AG (67)991037250","focal_length":"0","iso":"0","shutter_speed":"0","title":"","orientation":"0","keywords":[]}},"post":108479,"source_url":"https:\/\/cdn.campogrande.ms.gov.br\/portal\/prod\/uploads\/sites\/3\/2023\/10\/230724_INAUGURACAO-DA-PRACA-COHAFAMA_FUNESP_ANA-PAULA-FERNANDES-51-1.jpg","_links":{"self":[{"href":"https:\/\/www.campogrande.ms.gov.br\/cgnoticias\/wp-json\/wp\/v2\/media\/108493"}],"collection":[{"href":"https:\/\/www.campogrande.ms.gov.br\/cgnoticias\/wp-json\/wp\/v2\/media"}],"about":[{"href":"https:\/\/www.campogrande.ms.gov.br\/cgnoticias\/wp-json\/wp\/v2\/types\/attachment"}],"author":[{"embeddable":true,"href":"https:\/\/www.campogrande.ms.gov.br\/cgnoticias\/wp-json\/wp\/v2\/users\/363"}],"replies":[{"embeddable":true,"href":"https:\/\/www.campogrande.ms.gov.br\/cgnoticias\/wp-json\/wp\/v2\/comments?post=108493"}]}}

230724_INAUGURAÇÃO DA PRAÇA COHAFAMA_FUNESP_ANA PAULA FERNANDES (51)
