{"id":108487,"date":"2023-10-24T14:32:04","date_gmt":"2023-10-24T18:32:04","guid":{"rendered":"https:\/\/prefcg-repositorio.campogrande.ms.gov.br\/wp-cdn\/uploads\/sites\/3\/2023\/10\/230906_ENTREGA-DA-ILUMINACAODO-CAMPO-TERRAO-NO-BAIRRO-JARDIM-SANTA-FELICIADE_FOTOS_DIOGO-GONCALVES-8.jpg"},"modified":"2023-10-24T14:32:04","modified_gmt":"2023-10-24T18:32:04","slug":"230906_entrega-da-iluminacaodo-campo-terrao-no-bairro-jardim-santa-feliciade_fotos_diogo-goncalves-8","status":"inherit","type":"attachment","link":"https:\/\/www.campogrande.ms.gov.br\/cgnoticias\/noticia\/prefeitura-transforma-pracas-esportivas-dos-bairros-em-centros-de-esporte-lazer-e-integracao-familiar\/230906_entrega-da-iluminacaodo-campo-terrao-no-bairro-jardim-santa-feliciade_fotos_diogo-goncalves-8\/","title":{"rendered":"230906_ENTREGA DA ILUMINA\u00c7\u00c3ODO CAMPO TERR\u00c3O NO BAIRRO JARDIM SANTA FELICIADE_FOTOS_DIOGO GON\u00c7ALVES-8"},"author":363,"featured_media":0,"comment_status":"closed","ping_status":"closed","template":"","meta":{"custom_icon_class":""},"class_list":["post-108487","attachment","type-attachment","status-inherit","hentry"],"acf":[],"description":{"rendered":"<p class=\"attachment\"><a href='https:\/\/cdn.campogrande.ms.gov.br\/portal\/prod\/uploads\/sites\/3\/2023\/10\/230906_ENTREGA-DA-ILUMINACAODO-CAMPO-TERRAO-NO-BAIRRO-JARDIM-SANTA-FELICIADE_FOTOS_DIOGO-GONCALVES-8-scaled.jpg'><img fetchpriority=\"high\" decoding=\"async\" width=\"300\" height=\"200\" src=\"https:\/\/cdn.campogrande.ms.gov.br\/portal\/prod\/uploads\/sites\/3\/2023\/10\/230906_ENTREGA-DA-ILUMINACAODO-CAMPO-TERRAO-NO-BAIRRO-JARDIM-SANTA-FELICIADE_FOTOS_DIOGO-GONCALVES-8-300x200.jpg\" class=\"attachment-medium size-medium\" alt=\"\" srcset=\"https:\/\/cdn.campogrande.ms.gov.br\/portal\/prod\/uploads\/sites\/3\/2023\/10\/230906_ENTREGA-DA-ILUMINACAODO-CAMPO-TERRAO-NO-BAIRRO-JARDIM-SANTA-FELICIADE_FOTOS_DIOGO-GONCALVES-8-300x200.jpg 300w, https:\/\/cdn.campogrande.ms.gov.br\/portal\/prod\/uploads\/sites\/3\/2023\/10\/230906_ENTREGA-DA-ILUMINACAODO-CAMPO-TERRAO-NO-BAIRRO-JARDIM-SANTA-FELICIADE_FOTOS_DIOGO-GONCALVES-8-1024x683.jpg 1024w, https:\/\/cdn.campogrande.ms.gov.br\/portal\/prod\/uploads\/sites\/3\/2023\/10\/230906_ENTREGA-DA-ILUMINACAODO-CAMPO-TERRAO-NO-BAIRRO-JARDIM-SANTA-FELICIADE_FOTOS_DIOGO-GONCALVES-8-768x512.jpg 768w, https:\/\/cdn.campogrande.ms.gov.br\/portal\/prod\/uploads\/sites\/3\/2023\/10\/230906_ENTREGA-DA-ILUMINACAODO-CAMPO-TERRAO-NO-BAIRRO-JARDIM-SANTA-FELICIADE_FOTOS_DIOGO-GONCALVES-8-1536x1024.jpg 1536w, https:\/\/cdn.campogrande.ms.gov.br\/portal\/prod\/uploads\/sites\/3\/2023\/10\/230906_ENTREGA-DA-ILUMINACAODO-CAMPO-TERRAO-NO-BAIRRO-JARDIM-SANTA-FELICIADE_FOTOS_DIOGO-GONCALVES-8-2048x1365.jpg 2048w\" sizes=\"(max-width: 300px) 100vw, 300px\" \/><\/a><\/p>\n"},"caption":{"rendered":""},"alt_text":"","media_type":"image","mime_type":"image\/jpeg","media_details":{"width":2560,"height":1707,"file":"2023\/10\/230906_ENTREGA-DA-ILUMINACAODO-CAMPO-TERRAO-NO-BAIRRO-JARDIM-SANTA-FELICIADE_FOTOS_DIOGO-GONCALVES-8-scaled.jpg","filesize":910601,"sizes":{"medium":{"file":"230906_ENTREGA-DA-ILUMINACAODO-CAMPO-TERRAO-NO-BAIRRO-JARDIM-SANTA-FELICIADE_FOTOS_DIOGO-GONCALVES-8-300x200.jpg","width":300,"height":200,"filesize":49020,"mime_type":"image\/jpeg","source_url":"https:\/\/cdn.campogrande.ms.gov.br\/portal\/prod\/uploads\/sites\/3\/2023\/10\/230906_ENTREGA-DA-ILUMINACAODO-CAMPO-TERRAO-NO-BAIRRO-JARDIM-SANTA-FELICIADE_FOTOS_DIOGO-GONCALVES-8-300x200.jpg"},"large":{"file":"230906_ENTREGA-DA-ILUMINACAODO-CAMPO-TERRAO-NO-BAIRRO-JARDIM-SANTA-FELICIADE_FOTOS_DIOGO-GONCALVES-8-1024x683.jpg","width":1024,"height":683,"filesize":212307,"mime_type":"image\/jpeg","source_url":"https:\/\/cdn.campogrande.ms.gov.br\/portal\/prod\/uploads\/sites\/3\/2023\/10\/230906_ENTREGA-DA-ILUMINACAODO-CAMPO-TERRAO-NO-BAIRRO-JARDIM-SANTA-FELICIADE_FOTOS_DIOGO-GONCALVES-8-1024x683.jpg"},"thumbnail":{"file":"230906_ENTREGA-DA-ILUMINACAODO-CAMPO-TERRAO-NO-BAIRRO-JARDIM-SANTA-FELICIADE_FOTOS_DIOGO-GONCALVES-8-150x150.jpg","width":150,"height":150,"filesize":37371,"mime_type":"image\/jpeg","source_url":"https:\/\/cdn.campogrande.ms.gov.br\/portal\/prod\/uploads\/sites\/3\/2023\/10\/230906_ENTREGA-DA-ILUMINACAODO-CAMPO-TERRAO-NO-BAIRRO-JARDIM-SANTA-FELICIADE_FOTOS_DIOGO-GONCALVES-8-150x150.jpg"},"medium_large":{"file":"230906_ENTREGA-DA-ILUMINACAODO-CAMPO-TERRAO-NO-BAIRRO-JARDIM-SANTA-FELICIADE_FOTOS_DIOGO-GONCALVES-8-768x512.jpg","width":768,"height":512,"filesize":139027,"mime_type":"image\/jpeg","source_url":"https:\/\/cdn.campogrande.ms.gov.br\/portal\/prod\/uploads\/sites\/3\/2023\/10\/230906_ENTREGA-DA-ILUMINACAODO-CAMPO-TERRAO-NO-BAIRRO-JARDIM-SANTA-FELICIADE_FOTOS_DIOGO-GONCALVES-8-768x512.jpg"},"1536x1536":{"file":"230906_ENTREGA-DA-ILUMINACAODO-CAMPO-TERRAO-NO-BAIRRO-JARDIM-SANTA-FELICIADE_FOTOS_DIOGO-GONCALVES-8-1536x1024.jpg","width":1536,"height":1024,"filesize":397120,"mime_type":"image\/jpeg","source_url":"https:\/\/cdn.campogrande.ms.gov.br\/portal\/prod\/uploads\/sites\/3\/2023\/10\/230906_ENTREGA-DA-ILUMINACAODO-CAMPO-TERRAO-NO-BAIRRO-JARDIM-SANTA-FELICIADE_FOTOS_DIOGO-GONCALVES-8-1536x1024.jpg"},"2048x2048":{"file":"230906_ENTREGA-DA-ILUMINACAODO-CAMPO-TERRAO-NO-BAIRRO-JARDIM-SANTA-FELICIADE_FOTOS_DIOGO-GONCALVES-8-2048x1365.jpg","width":2048,"height":1365,"filesize":630466,"mime_type":"image\/jpeg","source_url":"https:\/\/cdn.campogrande.ms.gov.br\/portal\/prod\/uploads\/sites\/3\/2023\/10\/230906_ENTREGA-DA-ILUMINACAODO-CAMPO-TERRAO-NO-BAIRRO-JARDIM-SANTA-FELICIADE_FOTOS_DIOGO-GONCALVES-8-2048x1365.jpg"},"feed-noticia-large":{"file":"230906_ENTREGA-DA-ILUMINACAODO-CAMPO-TERRAO-NO-BAIRRO-JARDIM-SANTA-FELICIADE_FOTOS_DIOGO-GONCALVES-8-890x500.jpg","width":890,"height":500,"filesize":156138,"mime_type":"image\/jpeg","source_url":"https:\/\/cdn.campogrande.ms.gov.br\/portal\/prod\/uploads\/sites\/3\/2023\/10\/230906_ENTREGA-DA-ILUMINACAODO-CAMPO-TERRAO-NO-BAIRRO-JARDIM-SANTA-FELICIADE_FOTOS_DIOGO-GONCALVES-8-890x500.jpg"},"feed-noticia":{"file":"230906_ENTREGA-DA-ILUMINACAODO-CAMPO-TERRAO-NO-BAIRRO-JARDIM-SANTA-FELICIADE_FOTOS_DIOGO-GONCALVES-8-356x200.jpg","width":356,"height":200,"filesize":53173,"mime_type":"image\/jpeg","source_url":"https:\/\/cdn.campogrande.ms.gov.br\/portal\/prod\/uploads\/sites\/3\/2023\/10\/230906_ENTREGA-DA-ILUMINACAODO-CAMPO-TERRAO-NO-BAIRRO-JARDIM-SANTA-FELICIADE_FOTOS_DIOGO-GONCALVES-8-356x200.jpg"},"listagem-galerias":{"file":"230906_ENTREGA-DA-ILUMINACAODO-CAMPO-TERRAO-NO-BAIRRO-JARDIM-SANTA-FELICIADE_FOTOS_DIOGO-GONCALVES-8-275x163.jpg","width":275,"height":163,"filesize":44915,"mime_type":"image\/jpeg","source_url":"https:\/\/cdn.campogrande.ms.gov.br\/portal\/prod\/uploads\/sites\/3\/2023\/10\/230906_ENTREGA-DA-ILUMINACAODO-CAMPO-TERRAO-NO-BAIRRO-JARDIM-SANTA-FELICIADE_FOTOS_DIOGO-GONCALVES-8-275x163.jpg"},"post-slider":{"file":"230906_ENTREGA-DA-ILUMINACAODO-CAMPO-TERRAO-NO-BAIRRO-JARDIM-SANTA-FELICIADE_FOTOS_DIOGO-GONCALVES-8-700x500.jpg","width":700,"height":500,"filesize":131166,"mime_type":"image\/jpeg","source_url":"https:\/\/cdn.campogrande.ms.gov.br\/portal\/prod\/uploads\/sites\/3\/2023\/10\/230906_ENTREGA-DA-ILUMINACAODO-CAMPO-TERRAO-NO-BAIRRO-JARDIM-SANTA-FELICIADE_FOTOS_DIOGO-GONCALVES-8-700x500.jpg"},"full":{"file":"230906_ENTREGA-DA-ILUMINACAODO-CAMPO-TERRAO-NO-BAIRRO-JARDIM-SANTA-FELICIADE_FOTOS_DIOGO-GONCALVES-8-scaled.jpg","width":2560,"height":1707,"mime_type":"image\/jpeg","source_url":"https:\/\/cdn.campogrande.ms.gov.br\/portal\/prod\/uploads\/sites\/3\/2023\/10\/230906_ENTREGA-DA-ILUMINACAODO-CAMPO-TERRAO-NO-BAIRRO-JARDIM-SANTA-FELICIADE_FOTOS_DIOGO-GONCALVES-8-scaled.jpg"}},"image_meta":{"aperture":"5.6","credit":"Diogo Goncalves","camera":"Canon EOS R","caption":"","created_timestamp":"1694021361","copyright":"@goncalvesdiogo","focal_length":"20","iso":"1600","shutter_speed":"0.01","title":"","orientation":"0","keywords":[]},"original_image":"230906_ENTREGA-DA-ILUMINACAODO-CAMPO-TERRAO-NO-BAIRRO-JARDIM-SANTA-FELICIADE_FOTOS_DIOGO-GONCALVES-8.jpg"},"post":108479,"source_url":"https:\/\/cdn.campogrande.ms.gov.br\/portal\/prod\/uploads\/sites\/3\/2023\/10\/230906_ENTREGA-DA-ILUMINACAODO-CAMPO-TERRAO-NO-BAIRRO-JARDIM-SANTA-FELICIADE_FOTOS_DIOGO-GONCALVES-8-scaled.jpg","_links":{"self":[{"href":"https:\/\/www.campogrande.ms.gov.br\/cgnoticias\/wp-json\/wp\/v2\/media\/108487"}],"collection":[{"href":"https:\/\/www.campogrande.ms.gov.br\/cgnoticias\/wp-json\/wp\/v2\/media"}],"about":[{"href":"https:\/\/www.campogrande.ms.gov.br\/cgnoticias\/wp-json\/wp\/v2\/types\/attachment"}],"author":[{"embeddable":true,"href":"https:\/\/www.campogrande.ms.gov.br\/cgnoticias\/wp-json\/wp\/v2\/users\/363"}],"replies":[{"embeddable":true,"href":"https:\/\/www.campogrande.ms.gov.br\/cgnoticias\/wp-json\/wp\/v2\/comments?post=108487"}]}}

230906_ENTREGA DA ILUMINAÇÃODO CAMPO TERRÃO NO BAIRRO JARDIM SANTA FELICIADE_FOTOS_DIOGO GONÇALVES-8
