{"id":108484,"date":"2023-10-24T14:31:45","date_gmt":"2023-10-24T18:31:45","guid":{"rendered":"https:\/\/prefcg-repositorio.campogrande.ms.gov.br\/wp-cdn\/uploads\/sites\/3\/2023\/10\/230425_INAUGURACAO-DA-ILUMINACAO-DA-PRACA-DO-JARDIM-DAS-HORTENCIAS_SISEP_ROBERTO-AJALA-33.jpg"},"modified":"2023-10-24T14:31:45","modified_gmt":"2023-10-24T18:31:45","slug":"230425_inauguracao-da-iluminacao-da-praca-do-jardim-das-hortencias_sisep_roberto-ajala-33","status":"inherit","type":"attachment","link":"https:\/\/www.campogrande.ms.gov.br\/cgnoticias\/noticia\/prefeitura-transforma-pracas-esportivas-dos-bairros-em-centros-de-esporte-lazer-e-integracao-familiar\/230425_inauguracao-da-iluminacao-da-praca-do-jardim-das-hortencias_sisep_roberto-ajala-33\/","title":{"rendered":"230425_INAUGURA\u00c7\u00c3O DA ILUMINA\u00c7\u00c3O DA PRA\u00c7A DO JARDIM DAS HORT\u00caNCIAS_SISEP_ROBERTO AJALA (33)"},"author":363,"featured_media":0,"comment_status":"closed","ping_status":"closed","template":"","meta":{"custom_icon_class":""},"class_list":["post-108484","attachment","type-attachment","status-inherit","hentry"],"acf":[],"description":{"rendered":"<p class=\"attachment\"><a href='https:\/\/cdn.campogrande.ms.gov.br\/portal\/prod\/uploads\/sites\/3\/2023\/10\/230425_INAUGURACAO-DA-ILUMINACAO-DA-PRACA-DO-JARDIM-DAS-HORTENCIAS_SISEP_ROBERTO-AJALA-33.jpg'><img fetchpriority=\"high\" decoding=\"async\" width=\"300\" height=\"225\" src=\"https:\/\/cdn.campogrande.ms.gov.br\/portal\/prod\/uploads\/sites\/3\/2023\/10\/230425_INAUGURACAO-DA-ILUMINACAO-DA-PRACA-DO-JARDIM-DAS-HORTENCIAS_SISEP_ROBERTO-AJALA-33-300x225.jpg\" class=\"attachment-medium size-medium\" alt=\"\" srcset=\"https:\/\/cdn.campogrande.ms.gov.br\/portal\/prod\/uploads\/sites\/3\/2023\/10\/230425_INAUGURACAO-DA-ILUMINACAO-DA-PRACA-DO-JARDIM-DAS-HORTENCIAS_SISEP_ROBERTO-AJALA-33-300x225.jpg 300w, https:\/\/cdn.campogrande.ms.gov.br\/portal\/prod\/uploads\/sites\/3\/2023\/10\/230425_INAUGURACAO-DA-ILUMINACAO-DA-PRACA-DO-JARDIM-DAS-HORTENCIAS_SISEP_ROBERTO-AJALA-33-1024x768.jpg 1024w, https:\/\/cdn.campogrande.ms.gov.br\/portal\/prod\/uploads\/sites\/3\/2023\/10\/230425_INAUGURACAO-DA-ILUMINACAO-DA-PRACA-DO-JARDIM-DAS-HORTENCIAS_SISEP_ROBERTO-AJALA-33-768x576.jpg 768w, https:\/\/cdn.campogrande.ms.gov.br\/portal\/prod\/uploads\/sites\/3\/2023\/10\/230425_INAUGURACAO-DA-ILUMINACAO-DA-PRACA-DO-JARDIM-DAS-HORTENCIAS_SISEP_ROBERTO-AJALA-33.jpg 1333w\" sizes=\"(max-width: 300px) 100vw, 300px\" \/><\/a><\/p>\n"},"caption":{"rendered":""},"alt_text":"","media_type":"image","mime_type":"image\/jpeg","media_details":{"width":1333,"height":1000,"file":"2023\/10\/230425_INAUGURACAO-DA-ILUMINACAO-DA-PRACA-DO-JARDIM-DAS-HORTENCIAS_SISEP_ROBERTO-AJALA-33.jpg","filesize":240396,"sizes":{"medium":{"file":"230425_INAUGURACAO-DA-ILUMINACAO-DA-PRACA-DO-JARDIM-DAS-HORTENCIAS_SISEP_ROBERTO-AJALA-33-300x225.jpg","width":300,"height":225,"filesize":28983,"mime_type":"image\/jpeg","source_url":"https:\/\/cdn.campogrande.ms.gov.br\/portal\/prod\/uploads\/sites\/3\/2023\/10\/230425_INAUGURACAO-DA-ILUMINACAO-DA-PRACA-DO-JARDIM-DAS-HORTENCIAS_SISEP_ROBERTO-AJALA-33-300x225.jpg"},"large":{"file":"230425_INAUGURACAO-DA-ILUMINACAO-DA-PRACA-DO-JARDIM-DAS-HORTENCIAS_SISEP_ROBERTO-AJALA-33-1024x768.jpg","width":1024,"height":768,"filesize":146598,"mime_type":"image\/jpeg","source_url":"https:\/\/cdn.campogrande.ms.gov.br\/portal\/prod\/uploads\/sites\/3\/2023\/10\/230425_INAUGURACAO-DA-ILUMINACAO-DA-PRACA-DO-JARDIM-DAS-HORTENCIAS_SISEP_ROBERTO-AJALA-33-1024x768.jpg"},"thumbnail":{"file":"230425_INAUGURACAO-DA-ILUMINACAO-DA-PRACA-DO-JARDIM-DAS-HORTENCIAS_SISEP_ROBERTO-AJALA-33-150x150.jpg","width":150,"height":150,"filesize":18185,"mime_type":"image\/jpeg","source_url":"https:\/\/cdn.campogrande.ms.gov.br\/portal\/prod\/uploads\/sites\/3\/2023\/10\/230425_INAUGURACAO-DA-ILUMINACAO-DA-PRACA-DO-JARDIM-DAS-HORTENCIAS_SISEP_ROBERTO-AJALA-33-150x150.jpg"},"medium_large":{"file":"230425_INAUGURACAO-DA-ILUMINACAO-DA-PRACA-DO-JARDIM-DAS-HORTENCIAS_SISEP_ROBERTO-AJALA-33-768x576.jpg","width":768,"height":576,"filesize":96061,"mime_type":"image\/jpeg","source_url":"https:\/\/cdn.campogrande.ms.gov.br\/portal\/prod\/uploads\/sites\/3\/2023\/10\/230425_INAUGURACAO-DA-ILUMINACAO-DA-PRACA-DO-JARDIM-DAS-HORTENCIAS_SISEP_ROBERTO-AJALA-33-768x576.jpg"},"feed-noticia-large":{"file":"230425_INAUGURACAO-DA-ILUMINACAO-DA-PRACA-DO-JARDIM-DAS-HORTENCIAS_SISEP_ROBERTO-AJALA-33-890x500.jpg","width":890,"height":500,"filesize":105365,"mime_type":"image\/jpeg","source_url":"https:\/\/cdn.campogrande.ms.gov.br\/portal\/prod\/uploads\/sites\/3\/2023\/10\/230425_INAUGURACAO-DA-ILUMINACAO-DA-PRACA-DO-JARDIM-DAS-HORTENCIAS_SISEP_ROBERTO-AJALA-33-890x500.jpg"},"feed-noticia":{"file":"230425_INAUGURACAO-DA-ILUMINACAO-DA-PRACA-DO-JARDIM-DAS-HORTENCIAS_SISEP_ROBERTO-AJALA-33-356x200.jpg","width":356,"height":200,"filesize":31578,"mime_type":"image\/jpeg","source_url":"https:\/\/cdn.campogrande.ms.gov.br\/portal\/prod\/uploads\/sites\/3\/2023\/10\/230425_INAUGURACAO-DA-ILUMINACAO-DA-PRACA-DO-JARDIM-DAS-HORTENCIAS_SISEP_ROBERTO-AJALA-33-356x200.jpg"},"listagem-galerias":{"file":"230425_INAUGURACAO-DA-ILUMINACAO-DA-PRACA-DO-JARDIM-DAS-HORTENCIAS_SISEP_ROBERTO-AJALA-33-275x163.jpg","width":275,"height":163,"filesize":25075,"mime_type":"image\/jpeg","source_url":"https:\/\/cdn.campogrande.ms.gov.br\/portal\/prod\/uploads\/sites\/3\/2023\/10\/230425_INAUGURACAO-DA-ILUMINACAO-DA-PRACA-DO-JARDIM-DAS-HORTENCIAS_SISEP_ROBERTO-AJALA-33-275x163.jpg"},"post-slider":{"file":"230425_INAUGURACAO-DA-ILUMINACAO-DA-PRACA-DO-JARDIM-DAS-HORTENCIAS_SISEP_ROBERTO-AJALA-33-700x500.jpg","width":700,"height":500,"filesize":83327,"mime_type":"image\/jpeg","source_url":"https:\/\/cdn.campogrande.ms.gov.br\/portal\/prod\/uploads\/sites\/3\/2023\/10\/230425_INAUGURACAO-DA-ILUMINACAO-DA-PRACA-DO-JARDIM-DAS-HORTENCIAS_SISEP_ROBERTO-AJALA-33-700x500.jpg"},"full":{"file":"230425_INAUGURACAO-DA-ILUMINACAO-DA-PRACA-DO-JARDIM-DAS-HORTENCIAS_SISEP_ROBERTO-AJALA-33.jpg","width":1333,"height":1000,"mime_type":"image\/jpeg","source_url":"https:\/\/cdn.campogrande.ms.gov.br\/portal\/prod\/uploads\/sites\/3\/2023\/10\/230425_INAUGURACAO-DA-ILUMINACAO-DA-PRACA-DO-JARDIM-DAS-HORTENCIAS_SISEP_ROBERTO-AJALA-33.jpg"}},"image_meta":{"aperture":"1.8","credit":"","camera":"iPhone 13 Pro","caption":"","created_timestamp":"1682465941","copyright":"","focal_length":"1.57","iso":"1000","shutter_speed":"0.025","title":"","orientation":"0","keywords":[]}},"post":108479,"source_url":"https:\/\/cdn.campogrande.ms.gov.br\/portal\/prod\/uploads\/sites\/3\/2023\/10\/230425_INAUGURACAO-DA-ILUMINACAO-DA-PRACA-DO-JARDIM-DAS-HORTENCIAS_SISEP_ROBERTO-AJALA-33.jpg","_links":{"self":[{"href":"https:\/\/www.campogrande.ms.gov.br\/cgnoticias\/wp-json\/wp\/v2\/media\/108484"}],"collection":[{"href":"https:\/\/www.campogrande.ms.gov.br\/cgnoticias\/wp-json\/wp\/v2\/media"}],"about":[{"href":"https:\/\/www.campogrande.ms.gov.br\/cgnoticias\/wp-json\/wp\/v2\/types\/attachment"}],"author":[{"embeddable":true,"href":"https:\/\/www.campogrande.ms.gov.br\/cgnoticias\/wp-json\/wp\/v2\/users\/363"}],"replies":[{"embeddable":true,"href":"https:\/\/www.campogrande.ms.gov.br\/cgnoticias\/wp-json\/wp\/v2\/comments?post=108484"}]}}

230425_INAUGURAÇÃO DA ILUMINAÇÃO DA PRAÇA DO JARDIM DAS HORTÊNCIAS_SISEP_ROBERTO AJALA (33)
